ne h(-9).
9
Let x(p) = 3*p**3 + 2*p - 3. Determine x(2).
25
Let n(a) = a**2 - 10*a - 24. Give n(11).
-13
Let k(d) = -38*d**3 + 5*d**2 - d - 3. Give k(1).
-37
Let q(b) = 2*b**2 - 7*b + 3. Give q(5).
18
Let n(w) = -53*w - 794. Calculate n(-15).
1
Let s(l) = -46*l - 870. Give s(-19).
4
Let w(l) = -l**3 + 7*l**2 - l - 4. Calculate w(7).
-11
Let n(c) = c**2 + 3*c. Determine n(-7).
28
Let o(y) = 5*y + 13. Calculate o(2).
23
Let l(k) = k**3 + 29*k**2 - 2*k - 62. Calculate l(-29).
-4
Let r(q) = q**3 + 12*q**2 - 2*q - 22. What is r(-12)?
2
Let d(x) = 3*x**2 - 21*x - 4. What is d(7)?
-4
Let b(q) = 11*q - 64. Calculate b(8).
24
Let v(a) = -a**3 - 5*a**2 - 47. What is v(-6)?
-11
Let z(w) = 22*w**2 + 4*w - 5. What is z(-1)?
13
Let o(y) = y**2 - 21*y + 34. Calculate o(19).
-4
Let t(y) = -17*y - 131. Determine t(-8).
5
Let k(p) = -p**3 - 7*p**2 - 3*p + 44. Calculate k(-5).
9
Let n(k) = -k**2 + 25*k + 269. Give n(-8).
5
Let m(l) = -2*l**3 + 15*l**2 - 16*l + 8. Determine m(6).
20
Let p(d) = 3*d**3 - 3*d. Give p(-3).
-72
Let b(p) = -p + 6. Calculate b(9).
-3
Let b(c) = c**2 - 17*c - 19. Determine b(18).
-1
Let x(l) = -26*l - 32. What is x(-7)?
150
Let f(z) = 14*z - 21. Give f(-4).
-77
Let y(m) = m**3 + 9*m**2 + 8*m - 9. Determine y(-8).
-9
Let n(v) = 4*v - 3. What is n(1)?
1
Let f(d) = -d**3 - 7*d**2 + 2*d + 24. Calculate f(-7).
10
Let y(v) = -v**3 + 9*v**2 + 23*v - 20. What is y(11)?
-9
Let z(h) = 4*h**2 + 12*h - 8. Calculate z(-4).
8
Let k(c) = -c**3 + 5*c**2 - 2*c - 3. What is k(4)?
5
Let u(x) = -x**2 - 28*x + 311. What is u(9)?
-22
Let b(i) = -i**3 + 7*i**2 - 3*i - 8. Determine b(6).
10
Let f(y) = 30*y + 132. Calculate f(-5).
-18
Let m(u) = -20*u + 114. What is m(6)?
-6
Let f(u) = -8*u + 3. Determine f(-6).
51
Let h(c) = -c**2 + 2*c - 15. Calculate h(0).
-15
Let r(u) = u**2 - u + 11. Determine r(-3).
23
Let k(q) = 17*q - 5. Calculate k(1).
12
Let n(t) = -8*t + 11. Determine n(6).
-37
Let x(k) = -k**2 + 11*k - 11. Give x(13).
-37
Let v(t) = t**2 + 2*t. Give v(-3).
3
Let a(f) = -2*f + 2. What is a(-3)?
8
Let i(x) = x**2 - 5*x - 1. What is i(5)?
-1
Let s(f) = -3*f + 3. Determine s(3).
-6
Let c(u) = -2*u**2 - 22*u - 30. Calculate c(-10).
-10
Let p(h) = -11*h + 56. What is p(4)?
12
Let i(h) = 5*h**2 - h - 1. Determine i(1).
3
Let i(g) = -112*g - 564. Determine i(-5).
-4
Let x(b) = 12*b + 131. Give x(-10).
11
Let c(a) = 70*a - 178. Give c(3).
32
Let x(c) = -c**3 + 9*c**2 + 12*c - 3. Determine x(10).
17
Let k(a) = -9*a**2 + a + 2. What is k(3)?
-76
Let w(c) = -37*c + 191. Determine w(5).
6
Let d(t) = -3*t**2 - 8*t - 11. What is d(-2)?
-7
Let n(u) = -u**2 + 3*u + 8. Determine n(8).
-32
Let r(v) = -v**2 - 20*v - 17. What is r(-1)?
2
Let r(l) = l**3 + 19*l**2 + 2*l + 11. Calculate r(-19).
-27
Let o(r) = -r**2 - 39*r + 671. Give o(-52).
-5
Let a(p) = 4*p - 17. Give a(-5).
-37
Let o(p) = p**2 + 3*p + 8. Give o(-7).
36
Let b(j) = -2*j**2 - 41*j + 29. What is b(-22)?
-37
Let x(m) = -m**3 - 5*m**2 + 11*m + 14. What is x(-6)?
-16
Let a(q) = q**2 - 21*q - 26. Determine a(20).
-46
Let h(u) = -u**2 + 4*u + 19. Give h(6).
7
Let m(q) = 20*q**3 + 2*q**2 + 3*q + 1. Determine m(-1).
-20
Let s(z) = z**3 - 6*z**2 - z - 1. Give s(6).
-7
Let b(a) = -a + 4. Give b(1).
3
Let f(g) = g + 1. Calculate f(2).
3
Let u(x) = 2*x**2 - 10*x + 5. What is u(6)?
17
Let s(f) = f**3 - 8*f**2 + 3*f + 4. Calculate s(8).
28
Let z(g) = -g**3 + 4*g**2 + 2*g - 7. Calculate z(3).
8
Let n(i) = 25*i**2 + i. Determine n(-1).
24
Let z(s) = -10*s**3 - 3*s**2 + 5*s + 8. Determine z(-1).
10
Let u(z) = z**3 - 15*z**2 + 36*z - 14. What is u(12)?
-14
Let a(y) = y**2 + 7*y + 2. What is a(-3)?
-10
Let d(n) = n**3 - n + 42. Give d(0).
42
Let u(s) = 2*s**3 + 5*s**2 - 9*s + 3. Calculate u(-4).
-9
Let t(q) = -35*q**3. Give t(-1).
35
Let j(s) = 2*s**2 - 11*s + 5. Give j(4).
-7
Let q(u) = -15*u**2 - 104*u + 15. Determine q(-7).
8
Let c(k) = -5*k + 43. Calculate c(13).
-22
Let j(m) = -m**3 - m**2 - m + 3. Determine j(0).
3
Let o(f) = -f**3 + 6*f**2 - 23*f + 7. What is o(5)?
-83
Let l(y) = 2*y**3 - 10*y**2 - 2*y + 2. Calculate l(5).
-8
Let s(u) = -u**3 + 4*u**2 + 6*u + 6. What is s(6)?
-30
Let r(h) = -h**3 - 15*h**2 + 4*h + 47. Give r(-15).
-13
Let z(x) = -23*x**2 + 2*x - 5. Give z(-2).
-101
Let m(x) = -14*x**3 + 2*x**2 - 1. Calculate m(1).
-13
Let o(d) = 8*d**2 - 36*d + 11. Determine o(4).
-5
Let o(u) = u**3 + 5*u - 3. Give o(3).
39
Let s(d) = -d**2 - 9*d - 19. What is s(-7)?
-5
Let z(i) = 34*i**3 - i**2 - i - 1. Determine z(-1).
-35
Let w(n) = 2*n**2 - 7*n + 5. What is w(6)?
35
Let o(a) = -7*a**2 + 27*a - 3. Give o(6).
-93
Let p(f) = -2*f - 22. What is p(-5)?
-12
Let z(j) = -j**3 - 26*j**2 + j + 36. Determine z(-26).
10
Let y(n) = -n**3 + 6*n**2 - 3. Determine y(3).
24
Let l(n) = -3*n + 3. Give l(3).
-6
Let d(t) = t**3 - 64*t**2 - 68*t + 204. Give d(65).
9
Let p(r) = -r**3 - 10*r**2 + 2*r - 6. Give p(-11).
93
Let b(n) = 2*n**2 + 28*n + 31. Determine b(-13).
5
Let s(t) = -t + 28. Give s(-18).
46
Let n(g) = -g**3 + 79*g**2 - 79*g + 70. Calculate n(78).
-8
Let a(z) = 2*z**2 - 16*z + 12. What is a(5)?
-18
Let x(w) = w - 59. Calculate x(31).
-28
Let h(f) = 10*f**2 - 3*f. Calculate h(-1).
13
Let k(s) = s + 75. Give k(-20).
55
Let s(i) = 342*i - 1370. Give s(4).
-2
Let r(u) = -47*u + 751. Calculate r(16).
-1
Let j(g) = -12*g - 4. What is j(-3)?
32
Let l(f) = f**2 + 5*f - 8. Give l(-6).
-2
Let t(b) = -7*b**3 - 2*b**2 + 1. Determine t(-1).
6
Let n(a) = -3*a**3 + 2*a**2 - 3*a + 3. Calculate n(2).
-19
Let k(t) = t**3 - 20*t**2 + 26*t - 134. Calculate k(19).
-1
Let d(r) = -r**3 + 3*r**2 + 7*r - 7. What is d(4)?
5
Let k(n) = -16*n**2. Determine k(1).
-16
Let f(h) = -h - 14. What is f(-6)?
-8
Let x(g) = g**2 - 17*g - 18. Give x(18).
0
Let w(o) = 4*o**3 + 53*o**2 + 13*o - 9. What is w(-13)?
-9
Let p(n) = -2*n + 57. What is p(31)?
-5
Let f(a) = a**2 + 16*a + 60. What is f(-6)?
0
Let h(n) = -4*n + 2. Calculate h(2).
-6
Let u(c) = 5*c + 6. Give u(-5).
-19
Let h(p) = 5*p - 35. What is h(23)?
80
Let v(j) = -j**3 - 7*j**2 - 7*j - 10. Determine v(-6).
-4
Let t(i) = -i**2 - 5*i + 38. Give t(-9).
2
Let a(x) = 2*x**3 - 64*x**2 - x + 55. What is a(32)?
23
Let y(c) = c - 30. Give y(11).
-19
Let x(y) = -y**3 - 8*y**2 - 2*y + 10. Determine x(-7).
-25
Let u(t) = -26*t + 3. Give u(1).
-23
Let w(p) = -4*p**2 - 2*p - 10. Give w(5).
-120
Let f(l) = l**2 - 5*l - 6. Calculate f(7).
8
Let r(w) = 24*w + 23. Determine r(-2).
-25
Let f(j) = -2*j + 7. Determine f(5).
-3
Let u(p) = 14*p - 37. What is u(3)?
5
Let r(t) = -2*t - 3. What is r(-5)?
7
Let d(s) = 6*s - 57. Determine d(8).
-9
Let s(z) = z**2 + 3*z - 2. Calculate s(-2).
-4
Let x(s) = -3*s + 108. Give x(32).
12
Let n(q) = -6*q**3 - q**2. What is n(-2)?
44
Let p(s) = s**3 - s**2 - 3*s - 40. Give p(0).
-40
Let f(j) = 2*j**3 - j**2 + 15. What is f(0)?
15
Let f(c) = 6*c**2 - 7*c - 1. Calculate f(-2).
37
Let s(x) = x. Determine s(-3).
-3
Let h(v) = 6*v + 1. Determine h(2).
13
Let x(q) = -9*q - 219. Calculate x(-26).
15
Let x(r) = -r**3 - 7*r**2 + 10*r + 7. Determine x(-8).
-9
Let n(d) = -10*d**2 - 371*d - 35. Determine n(-37).
2
Let z(i) = -2*i - 5. Give z(-5).
5
Let y(c) = c - 13. Determine y(12).
-1
Let f(x) = 181*x - 1986. Give f(11).
5
Let o(u) = -2*u**2 + 117*u + 117. What is o(-1)?
-2
Let c(o) = 6*o**2 - 2*o - 2. Determine c(-2).
26
Let m(h) = -7*h - 8. What is m(-1)?
-1
Let s(y) = -8*y - 44. Determine s(-7).
12
Let o(c) = 21*c**3 + 4*c**2 - 3*c + 1. Give o(1).
23
Let y(b) = -b**3 - b**2 - 3*b - 4. Determine y(3).
-49
Let f(l) = 3*l + 7. What is f(12)?
43
Let k(s) = -s + 11. What is k(0)?
11
Let m(r) = -r**3 + r**2 + r - 67. Give m(0).
-67
Let n(x) = -51*x**3 + 1. Calculate n(-1).
52
Let z(l) = l**2 - 2*l + 2. Give z(2).
2
Let l(m) = m**3 + 7*m**2 + 6*m - 3. Give l(-5).
17
Let w(i) = i**2 + 6*i. What is w(-5)?
-5
Let c(z) = 81*z - 578. Give c(7).
-11
Let x(r) = -r**3 + 18*r**2 + 21*r - 46. What is x(19)?
-8
Let x(z) = 2*z**2 - 35*z + 181. What is x(6)?
43
Let g(z) = 10*z - 5. Calculate g(-4).
-45
Let w(c) = 4*c + 3. Calculate w(-6).
-21
Let w(c) = -6*c - 22. Calculate w(-6).
14
Let f(n) = -n**2 + 40*n - 79. What is f(2)?
-3
Let y(u) = 11*u + 2. Calculate y(3).
35
Let w(r) = 9*r**2 - 1. Determine w(1).
8
Let j(k) = -27*k - 6. Determine j(0).
-6
Let b(f) = -85*f - 273. What is b(-3)?
-18
Let d(s) = -s**2 +